172 + 3?
17076175
In base 11, what is a80332 + 0?
a80332
In base 14, what is -35139 + 0?
-35139
In base 13, what is 105 + 13a4c?
13b54
In base 5, what is -43 + -24230?
-24323
In base 8, what is -24 - -15375?
15351
In base 3, what is 221 - -1000200220?
1000201211
In base 16, what is -74f3 - -3?
-74f0
In base 16, what is -1eda - 54?
-1f2e
In base 3, what is -21121 + 101001?
2110
In base 15, what is -1a705 - 2?
-1a707
In base 12, what is -41ba85 + 1?
-41ba84
In base 7, what is -66 + -5233?
-5332
In base 4, what is -10 + 10130020?
10130010
In base 16, what is -5a + -21?
-7b
In base 15, what is 4339 - 14?
4325
In base 13, what is -13427 + -4?
-1342b
In base 4, what is -132031 + -20032?
-212123
In base 13, what is -2 - 77395?
-77397
In base 3, what is 22110200112 - 20?
22110200022
In base 12, what is -239a07 - 0?
-239a07
In base 13, what is -12 + 2b0?
29b
In base 13, what is 2 - 16240a?
-162408
In base 3, what is -10222 - 11121101?
-11202100
In base 9, what is 12052 - 10?
12042
In base 7, what is 5 + 112450?
112455
In base 9, what is 23 - -71081?
71114
In base 13, what is 132 + -10a6?
-c74
In base 3, what is -21201201 - -10100?
-21121101
In base 7, what is -100 - 11214?
-11314
In base 6, what is -35 - 1035210?
-1035245
In base 7, what is -21611 - -11?
-21600
In base 14, what is -3 + -152c8?
-152cb
In base 8, what is -407225 + 2?
-407223
In base 10, what is -28 - -134963?
134935
In base 6, what is -25315 - -425?
-24450
In base 4, what is 312 + 3321000?
3321312
In base 10, what is -62 + -1438?
-1500
In base 6, what is -50 + -22421?
-22511
In base 2, what is 10010011011000 - -10?
10010011011010
In base 10, what is 3 - 1546?
-1543
In base 6, what is -105 - -522555?
522450
In base 10, what is -1 + 6489?
6488
In base 15, what is -1730e + 1?
-1730d
In base 12, what is 1a + -4755b?
-47541
In base 14, what is -6d9b + 7?
-6d94
In base 16, what is -e + 2e97?
2e89
In base 12, what is 1 + -4a69?
-4a68
In base 4, what is 101 + 232013?
232120
In base 10, what is 14552 + 2?
14554
In base 9, what is 12 - -178301?
178313
In base 15, what is 2b6 - 1a1?
115
In base 10, what is -149 + -5470?
-5619
In base 5, what is 44 - 11223?
-11124
In base 6, what is 1423 + -1132?
251
In base 15, what is 5433 - -e6?
5529
In base 9, what is 4 - 10400?
-10385
In base 2, what is 110111111101 - 1?
110111111100
In base 8, what is 15 + -1627?
-1612
In base 4, what is 101012 + -121302?
-20230
In base 7, what is 1611 + 2166?
4110
In base 15, what is -3e42 - -16?
-3e2b
In base 13, what is -2cb - 342?
-640
In base 11, what is 16 + -2685?
-266a
In base 9, what is -3405 - 6?
-3412
In base 10, what is -29 - -893?
864
In base 11, what is -100 + -5746?
-5846
In base 16, what is -6 + -514d?
-5153
In base 12, what is -88509 + -1?
-8850a
In base 6, what is 10513412 + 2?
10513414
In base 8, what is -373 + -475?
-1070
In base 4, what is 3033 + -2022?
1011
In base 2, what is -100111000010011001 - -1?
-100111000010011000
In base 14, what is 19a + -1b0?
-14
In base 3, what is -112100 - 10101?
-122201
In base 8, what is -17062 - 47?
-17131
In base 5, what is 124200403 + -10?
124200343
In base 5, what is 22 - -1132340?
1132412
In base 13, what is -4 - 573a?
-5741
In base 12, what is 2a6a34 + 4?
2a6a38
In base 2, what is -1001100110 - 1000010000?
-10001110110
In base 13, what is 10 - -684?
694
In base 14, what is 0 - 1731ca?
-1731ca
In base 10, what is 35380 + 12?
35392
In base 13, what is c + 951?
960
In base 2, what is 0 + 110010101111100011?
110010101111100011
In base 7, what is -44154 + 0?
-44154
In base 11, what is -2a210 - -1?
-2a20a
In base 15, what is -41 - 400?
-441
In base 16, what is 1d6f99 + 4?
1d6f9d
In base 13, what is 10 + -8465?
-8455
In base 6, what is -11111 - 11?
-11122
In base 8, what is 2470 - 725?
1543
In base 14, what is 485 + -3dc1?
-393a
In base 10, what is -1349 - 20?
-1369
In base 2, what is -1110001111101 + 1000?
-1110001110101
In base 16, what is f - -166a?
1679
In base 3, what is 1201 + 1021000002?
1021001210
In base 3, what is 112222111 + 1110?
120000221
In base 14, what is -632 + -6?
-638
In base 9, what is 1 + 7440?
7441
In base 11, what is -160409 + -9?
-160417
In base 10, what is -1591 - 79?
-1670
In base 10, what is 4 + 37000?
37004
In base 3, what is 1010100 - 110010?
200020
In base 2, what is -11110100 + 1001101010011?
1001001011111
In base 12, what is 9 - -24602?
2460b
In base 10, what is -40 + 291?
251
In base 7, what is 125235 - 1?
125234
In base 10, what is 77 + -16?
61
In base 16, what is 9 - -cbb?
cc4
In base 3, what is -10020 + 20000021?
12220001
In base 12, what is -908 + -1b4?
-b00
In base 4, what is 3 + 330333?
331002
In base 15, what is -2 + -2a0d?
-2a10
In base 5, what is 1202 - -20043?
21300
In base 4, what is -11 - 101331032?
-101331103
In base 2, what is 1011110110000101 + 1101001?
1011110111101110
In base 15, what is -59be - -4?
-59ba
In base 8, what is 0 - 41045?
-41045
In base 10, what is -87 - 4?
-91
In base 9, what is -173108 - -48?
-173050
In base 4, what is -1 - -2002013230?
2002013223
In base 14, what is -93 - -3545?
3492
In base 2, what is -1111000011111100 + 11?
-1111000011111001
In base 6, what is 1 + -12432230?
-12432225
In base 14, what is -2a - 2150?
-217a
In base 3, what is -12 - -2101102121?
2101102102
In base 3, what is 121 - -1011110?
1012001
In base 6, what is 1 + 30305?
30310
In base 8, what is 3 - 677335?
-677332
In base 11, what is -1530 - -526?
-1005
In base 2, what is 10001111011101111 - -1011010?
10001111101001001
In base 12, what is -3633b - -3?
-36338
In base 6, what is -23 + -1031210?
-1031233
In base 11, what is 1 + -16161?
-16160
In base 4, what is -200331011 - 1?
-200331012
In base 8, what is 176 - 75?
101
In base 3, what is 201221202 + 1210?
202000112
In base 11, what is -30 + -1309?
-1339
In base 9, what is -212 - 34450?
-34662
In base 15, what is -4 + -770?
-774
In base 3, what is 1100 + -1220212?
-1212112
In base 3, what is -2002112 - -1122210?
-102202
In base 7, what is -241 - -1553?
1312
In base 12, what is 1 - 2a06aa?
-2a06a9
In base 13, what is -c + b326?
b317
In base 12, what is -105002 - -5?
-104bb9
In base 16, what is -3 + 5039d?
5039a
In base 5, what is 1 - 24203044?
-24203043
In base 5, what is 2431112 - 10?
2431102
In base 6, what is -215 - -14555?
14340
In base 11, what is 19643 - 12?
19631
In base 10, what is 2822 - 1?
2821
In base 2, what is -10100000 + -10100100?
-101000100
In base 14, what is -23a + 8?
-232
In base 10, what is 9 - 8725?
-8716
In base 15, what is 2 - ed3?
-ed1
In base 13, what is 3 - 7765?
-7762
In base 7, what is -121324 + 40?
-121254
In base 7, what is 0 + 10641?
10641
In base 9, what is 3 - -12876?
12880
In base 9, what is -5205 - -50?
-5145
In base 2, what is -10100010111101100101 + -10?
-10100010111101100111
In base 3, what is 11022111222 - -11?
11022112010
In base 14, what is 7788 - 1?
7787
In base 8, what is -316 - -10367?
10051
In base 8, what is -3 + -4537232?
-4537235
In base 8, what is 13530 + -72?
13436
In base 2, what is 1111010010011010 + 0?
1111010010011010
In base 12, what is -3b06a3 - 4?
-3b06a7
In base 5, what is 2341322 + -2?
2341320
In base 14, what is -32 + -16d4?
-1726
In base 9, what is -22382 + 5?
-22376
In base 7, what is 162 - -4036?
4231
In base 16, what is 1 - -456e1?
456e2
In base 14, what is -14b415 - -2?
-14b413
In base 2, what is -10 - 1001110101010?
-1001110101100
In base 13, what is 94a0 - -23?
94c3
In base 5, what is 0 + -122343240?
-122343240
In base 8, what is -105471 + 1?
-105470
In base 13, what is -4 + -115002?
-115006
In base 9, what is 8 + 758?
767
In base 12, what is -656a6 - -15?
-65691
In base 13, what is -5 - -3733?
372b
In base 9, what is -1814 - -121?
-1683
In base 4, what is -22313111 + -1232?
-22321003
In base 2, what is -1111110100001100000 - -11?
-1111110100001011101
In base 7, what is 1534 - -6031?
10565
In base 10, what is 9038 - 63?
8975
In base 8, what is 16 - -1057224?
1057242
In base 14, what is -33 - -c49?
c16
In base 6, what is -145251 + 2?
-145245
In base 5, what is 10 + -21140313?
-21140303
In base 12, what is 53 + -1069?
-1016
In base 12, what is -4 - a20b?
-a213
In base 11, what is -a3 + -44a?
-542
In base 16, what is 53d + bf?
5fc
In base 16, what is 20 - 80b?
-7eb
In base 10, what is -2 + 698717?
698715
In base 15, what is